l**2 + 2209*l - 134142. Determine v(1040).
18
Let x(k) = 439*k - 35567. Calculate x(81).
-8
Let h(t) = 461*t**3 - 6917*t**2 + 31*t - 23. What is h(15)?
-8
Let u(s) = s**3 + 430*s**2 + 883*s + 11514. Determine u(-428).
-42
Let v(n) = n**3 - 12*n**2 - 51637*n + 619743. Determine v(12).
99
Let c(o) = 715*o + 10020. What is c(-14)?
10
Let y(l) = -8415*l + 50562. Determine y(6).
72
Let z(o) = o**3 + 118*o**2 - 4807*o - 1070. What is z(-150)?
-20
Let v(g) = 5*g**2 + 260*g - 3710. What is v(15)?
1315
Let n(j) = 25*j**2 - 164*j - 327. Give n(-4).
729
Let t(d) = 327*d - 24723. What is t(76)?
129
Let r(q) = -63*q**2 - 20432*q - 6484. What is r(-324)?
-4
Let z(c) = 265*c**3 - 5297*c**2 - 65*c + 98. Give z(20).
-2
Let n(o) = 4*o**3 + 280*o**2 + 10*o + 453. What is n(-70)?
-247
Let o(k) = -k**2 + 423*k + 34506. Determine o(-70).
-4
Let f(p) = -p**3 + 49*p**2 + 5*p + 18. What is f(50)?
-2232
Let c(w) = 6*w**2 - 251*w - 163. What is c(42)?
-121
Let v(c) = -88689*c + 3015399. Calculate v(34).
-27
Let d(q) = 5704*q + 51110. Give d(-9).
-226
Let a(t) = 130*t**2 - 36257*t - 3619. Calculate a(279).
8
Let r(i) = i**3 + 188*i**2 - 2840*i + 219. Calculate r(14).
51
Let d(k) = -k**3 - 39*k**2 + 751*k - 15661. Calculate d(-57).
14
Let d(p) = -182*p - 22994. Calculate d(-121).
-972
Let g(x) = -42*x**2 + 2801*x + 194. Give g(66).
2108
Let m(w) = 196*w**2 + 68226*w + 6259. Calculate m(-348).
-5
Let b(u) = 4*u**2 + 8*u - 563. What is b(-13)?
9
Let s(t) = 19064*t - 6195793. Calculate s(325).
7
Let t(j) = -793*j - 46809. Give t(-59).
-22
Let z(l) = 223*l - 47931. Calculate z(215).
14
Let p(z) = -z**2 + 593*z + 73303. Give p(-105).
13
Let z(b) = 28985*b - 145067. What is z(5)?
-142
Let n(v) = -37251*v + 260661. Determine n(7).
-96
Let l(i) = -36530*i - 1022857. What is l(-28)?
-17
Let v(u) = -4*u**3 + 408*u**2 - 1561*u - 684. Determine v(98).
2
Let w(r) = -r**3 + 30*r**2 - 34*r - 601. What is w(28)?
15
Let g(r) = -2425*r - 162475. What is g(-67)?
0
Let t(c) = -5*c**3 - 793*c**2 - 2021*c + 720. Determine t(-156).
-372
Let y(f) = 9691*f - 28970. Determine y(3).
103
Let j(n) = -6026*n - 361565. Calculate j(-60).
-5
Let b(s) = s**2 + 19*s - 66. What is b(-20)?
-46
Let k(b) = -4914*b - 1513418. Determine k(-308).
94
Let d(z) = -3*z**3 - 6*z**2 + 323*z + 1362. Calculate d(-4).
166
Let w(x) = -366*x**2 + 21949*x + 680. What is w(60)?
20
Let j(w) = -12251*w - 330758. What is j(-27)?
19
Let j(a) = 690*a - 37266. Determine j(54).
-6
Let j(h) = -7103*h + 78339. Give j(11).
206
Let n(o) = -43*o + 15352. Give n(354).
130
Let p(m) = -m**3 + 14*m**2 + 197*m + 55. Determine p(24).
-977
Let z(q) = 14*q**3 + 69*q**2 - 142*q - 283. Calculate z(-6).
29
Let q(y) = 7*y**3 + 3743*y**2 - 2446*y - 736158. What is q(-535)?
2
Let f(u) = -2*u**3 + 225*u**2 - 5382*u - 17. What is f(78)?
-17
Let n(s) = -4*s**2 + 381*s - 760. Give n(91).
787
Let s(b) = -5*b**3 - 103*b**2 - 61*b + 21. Calculate s(-14).
-5593
Let o(i) = -i**2 - 1518*i - 56396. Calculate o(-38).
-156
Let u(r) = 64494*r**2 - 386956*r - 6. Give u(6).
42
Let a(b) = 2*b**3 + 353*b**2 + 253*b + 13560. Calculate a(-176).
8
Let v(m) = -m**3 + 80*m**2 - 498*m - 50019. What is v(51)?
12
Let x(f) = 4135*f - 860084. What is x(208)?
-4
Let x(q) = 149*q - 17076. Calculate x(114).
-90
Let w(i) = 2*i**3 + 163*i**2 + 2040*i - 462. Determine w(-66).
-66
Let i(p) = -7*p**2 - 4739*p + 23929. What is i(-682)?
59
Let w(b) = -204*b - 10579. What is w(-52)?
29
Let q(a) = -2*a**3 - 457*a**2 - 710*a - 6568. Give q(-227).
15
Let u(c) = -2701*c + 27093. Calculate u(10).
83
Let a(w) = 9530*w - 47650. Calculate a(5).
0
Let p(q) = -q**2 + 169*q - 3372. Give p(145).
108
Let h(y) = -y**3 - 14*y**2 + 9001*y - 2221. What is h(88)?
-21
Let o(t) = -t**3 + 43*t**2 + 313*t - 16171. Determine o(41).
24
Let a(y) = 4*y**3 - 34*y**2 - 3972*y + 31688. Determine a(8).
-216
Let h(y) = -y**3 + 12*y**2 + 71*y + 663. Determine h(18).
-3
Let t(z) = -13*z**2 - 436*z - 1196. Calculate t(-3).
-5
Let z(q) = -4289*q - 12623. Determine z(-3).
244
Let v(h) = h**3 - 301*h**2 - 8496*h - 1947. Determine v(327).
15
Let b(p) = 31*p**2 - 260*p + 1714. Determine b(7).
1413
Let c(n) = -2*n**2 - 554*n + 20657. Determine c(33).
197
Let z(s) = 4*s**2 - 2470*s - 914870. Calculate z(878).
6
Let u(w) = 7504*w + 562738. Determine u(-75).
-62
Let n(a) = a**2 - 8683*a + 354301. Determine n(41).
-21
Let c(y) = 688*y + 131386. Determine c(-191).
-22
Let n(h) = -2099870*h - 8399456. What is n(-4)?
24
Let h(j) = 20*j**2 + 785*j + 3144. Calculate h(-4).
324
Let x(m) = -m**3 - 46*m**2 - 6237*m - 278639. Determine x(-45).
1
Let r(l) = 142*l**2 + 1101*l - 230. What is r(-8)?
50
Let c(u) = 3339*u + 23739. Determine c(-7).
366
Let y(h) = 2*h**3 - 151*h**2 + 383*h - 23101. Give y(75).
-1
Let v(q) = q**3 + 5*q**2 + 927*q + 4671. Give v(-5).
36
Let t(q) = q**3 + 337*q**2 + 44*q + 14758. Give t(-337).
-70
Let r(o) = o**3 - 23*o**2 - 337*o - 621. Give r(-8).
91
Let t(l) = 114828*l + 3559678. Calculate t(-31).
10
Let t(y) = -30*y**2 - 2204*y - 1. Determine t(-73).
1021
Let m(t) = -1044*t - 29514. Give m(-28).
-282
Let f(j) = j**3 - 163*j**2 - 1654*j + 269606. Determine f(163).
4
Let v(g) = -11270*g - 157826. Determine v(-14).
-46
Let q(y) = -29*y + 3507. What is q(120)?
27
Let o(q) = 5*q**2 + 18293*q + 201089. Determine o(-11).
471
Let x(u) = -259*u + 3148. Determine x(22).
-2550
Let t(l) = 12*l**3 + 630*l**2 + 4483*l - 229. Calculate t(-44).
-9
Let t(n) = -312*n - 2806. Calculate t(-14).
1562
Let g(d) = -2*d**2 - 43989*d + 528142. Give g(12).
-14
Let x(u) = -3*u**2 + 158*u - 2176. What is x(34)?
-272
Let x(z) = -47*z**2 - 2137*z + 8032. Calculate x(-49).
-102
Let h(o) = -106516*o - 106539. Give h(-1).
-23
Let v(a) = -9848*a - 7573111. Give v(-769).
1
Let p(k) = 965*k**2 + 5712*k - 418. Determine p(-6).
50
Let n(g) = -g**3 + 196*g**2 - 300*g - 17073. What is n(194)?
-1
Let a(w) = 4007*w - 228395. Give a(57).
4
Let d(b) = -3659*b - 1518455. Calculate d(-415).
30
Let n(g) = -g**3 + 569*g**2 - 1089*g + 295932. Determine n(568).
4
Let w(g) = g**3 + 19*g**2 + 866*g + 7759. What is w(-10)?
-1
Let u(b) = -149229*b - 3730744. Calculate u(-25).
-19
Let h(y) = 2*y**3 - 620*y**2 + 2456*y - 2474. Determine h(306).
-26
Let o(g) = -290*g - 1798. What is o(-8)?
522
Let l(o) = o**3 - 56*o**2 - 587*o - 193. Calculate l(65).
-323
Let n(k) = -k**3 - 62*k**2 + 231*k + 5755. Calculate n(-65).
3415
Let s(n) = -2*n**2 - 1150*n + 200171. What is s(-715)?
-29
Let b(d) = 222*d**2 - 21755*d - 90. Determine b(98).
8
Let o(g) = g**3 + 9*g**2 + 32*g - 475. Determine o(8).
869
Let b(t) = 43261*t + 9690461. What is b(-224)?
-3
Let u(t) = -16026*t - 737176. Give u(-46).
20
Let k(l) = l**3 - 41*l**2 - 13570*l + 568177. What is k(42)?
1
Let r(i) = -6*i**2 + 541*i + 5. What is r(0)?
5
Let q(g) = -802586*g + 14446544. Determine q(18).
-4
Let p(b) = -51643*b - 515714. What is p(-10)?
716
Let r(c) = -c**3 + 270*c**2 - 478*c - 15587. Determine r(268).
-43
Let h(j) = -11*j**2 + j - 78. Give h(-8).
-790
Let m(p) = -2*p**2 - 35*p - 206. Determine m(-13).
-89
Let s(b) = -6*b**2 + 240*b + 634. Determine s(42).
130
Let g(y) = y**3 - 183*y**2 + 878*y + 32548. What is g(177)?
-20
Let l(h) = 5081*h - 294694. Determine l(58).
4
Let f(v) = 39207*v + 548400. Determine f(-14).
-498
Let t(p) = 1156*p**2 - 8097*p - 48. Determine t(7).
-83
Let q(f) = -5*f**2 + 87*f - 52. Calculate q(16).
60
Let m(y) = -5*y**2 - 170*y + 7. Give m(1).
-168
Let l(m) = 14356*m + 2497923. Calculate l(-174).
-21
Let l(f) = 480*f - 46290. Determine l(101).
2190
Let n(v) = -4*v**2 - 2586*v - 22983. Calculate n(-9).
-33
Let j(s) = -6*s**3 + 16*s**2 + 25*s - 49. Determine j(6).
-619
Let k(o) = o**3 - 519*o**2 + 65361*o - 182. Calculate k(215).
33
Let m(h) = -656323*h - 3. Give m(0).
-3
Let t(s) = 24*s**2 - 812*s - 4052. What is t(-5)?
608
Let o(p) = 6*p**3 - 357*p**2 + 1175*p + 64. Give o(56).
8
Let f(c) = -43054*c - 645863. Determine f(-15).
-53
Let j(s) = 201567*s - 1209337. Give j(6).
65
Let j(w) = -2*w**3 - 37*w**2 + 11*w + 93. Determine j(0).
93
Let c(r) = 2*r**3 - 40*r**2 - 29*r + 397. What is c(20)?
-183
Let n(h) = 100*h + 11485. Determine n(-112).
285
Let b(k) = 9302*k - 669825. Determine b(72).
-81
Let i(q) = -6*q**3 - 645*q**2 - 322*q - 71. Determine i(-107).
36
Let t(h) = -2*h**3 - 47*h**2 - 24